 8) in base 13?
12a309
36165464 (base 8) to base 11
4522900
-101220001010001 (base 3) to base 15
-794cad
Convert -231818 (base 13) to base 2.
-11001011000101011111
What is -11104304 (base 6) in base 10?
-335344
What is -1703d (base 14) in base 2?
-1110000101001111
Convert -204231 (base 6) to base 2.
-100000001111011
-1664588 (base 9) to base 16
-e2af6
What is -20121221020 (base 3) in base 5?
-13133233
Convert -cc3321 (base 13) to base 12.
-1738a79
What is -27ce6 (base 16) in base 10?
-163046
Convert -95634 (base 15) to base 9.
-802054
530c1 (base 14) to base 15
3e606
Convert 14151034 (base 7) to base 14.
26638b
Convert 14452425 (base 7) to base 16.
14f841
Convert 454619 (base 11) to base 13.
1c43c3
Convert ae1800 (base 15) to base 10.
8307675
What is -495600 (base 12) in base 16?
-122e20
Convert -1100000000101010011101 (base 2) to base 8.
-14005235
What is d566cd (base 15) in base 8?
46551751
Convert 518a6 (base 12) to base 13.
39738
What is 1000001010011110 (base 2) in base 16?
829e
Convert 4a37a9 (base 12) to base 9.
2242403
110011111111101010010 (base 2) to base 15
239c42
What is 12314506 (base 8) in base 15?
38cb79
Convert -865b (base 14) to base 16.
-5aa9
What is -5498b (base 14) in base 5?
-23024233
20300302 (base 4) to base 8
106062
Convert 3775515 (base 8) to base 12.
426151
What is -49a54 (base 11) in base 2?
-10001100010000100
What is 3112101110 (base 4) in base 3?
1122120220122
Convert 51c220 (base 13) to base 6.
104550414
5feae2 (base 16) to base 15
842800
Convert 61a02 (base 12) to base 3.
20111000102
1100001111111001111111 (base 2) to base 13
885639
-631265 (base 7) to base 8
-323765
What is -3166558 (base 10) in base 3?
-12221212200221
Convert -232714 (base 8) to base 12.
-39a90
33b84 (base 15) to base 6
3310011
-2372824 (base 10) to base 13
-65104c
Convert -16b420 (base 16) to base 2.
-101101011010000100000
What is 50435553 (base 7) in base 6?
225521200
Convert -153224 (base 9) to base 6.
-2004121
Convert -124df5 (base 16) to base 3.
-2020221112211
What is -298dc8 (base 15) in base 12?
-808008
What is d888 (base 15) in base 4?
23023223
-246c11 (base 14) to base 10
-1248143
-7028512 (base 9) to base 12
-1304055
20988 (base 10) to base 9
31710
250337 (base 8) to base 6
1503131
Convert 11202000 (base 4) to base 15.
6aa6
Convert -111525305 (base 6) to base 3.
-10212002112012
What is -15eebc8 (base 15) in base 9?
-33004018
1524437 (base 8) to base 16
6a91f
What is 153014545 (base 6) in base 15?
439858
Convert 43503 (base 11) to base 2.
1111011010111101
Convert -98b04 (base 12) to base 2.
-110001010100110100
1111100000101110101 (base 2) to base 6
14521045
Convert 11040414 (base 5) to base 9.
156155
Convert f208e (base 16) to base 9.
1770816
-198012 (base 13) to base 5
-131132213
Convert -471140 (base 8) to base 4.
-213021200
Convert 193b48 (base 15) to base 9.
2271035
Convert 142120 (base 6) to base 9.
20383
Convert 8a667 (base 12) to base 5.
21342421
What is -2fa0a5 (base 16) in base 5?
-1244340232
What is -2301030023 (base 4) in base 10?
-725771
-a9959 (base 13) to base 8
-1127442
What is 3332162 (base 8) in base 15?
12b1c7
Convert 5212030 (base 6) to base 12.
101016
Convert -210123301203 (base 4) to base 10.
-9550947
1263101 (base 7) to base 16
28b5c
22313540 (base 6) to base 2
10100101101100000100
Convert 7617545 (base 9) to base 4.
33211223123
-222222120 (base 3) to base 14
-7251
Convert -19dfe (base 16) to base 5.
-11342412
What is -105431 (base 14) in base 2?
-10000110110110110011
Convert -24a06 (base 11) to base 8.
-105756
-562041 (base 9) to base 7
-2566621
Convert 132232010 (base 4) to base 3.
20101121022
Convert 67b2 (base 12) to base 8.
26366
What is -1000110110011100111 (base 2) in base 7?
-2315356
Convert 1223616 (base 7) to base 12.
77109
-4d565b (base 16) to base 15
-6a1b1e
What is -20325033 (base 6) in base 11?
-370a3a
-3017296 (base 10) to base 15
-3e9031
55740 (base 16) to base 6
11300240
Convert -2022122112021 (base 3) to base 15.
-195584
What is 1439927 (base 11) in base 16?
25bb51
Convert 5125232 (base 9) to base 14.
5120d6
What is -8a2a97 (base 12) in base 4?
-20121312103
-b840e (base 16) to base 12
-3048ba
46042125 (base 7) to base 16
3d31b8
-4a11b9 (base 15) to base 6
-204011420
47601 (base 14) to base 7
1323301
What is -5670067 (base 8) in base 12?
-620b07
Convert -3121130111 (base 4) to base 16.
-d9715
-42736 (base 8) to base 15
-5476
What is 1135423 (base 8) in base 5?
34410120
-2627477 (base 9) to base 12
-592a97
Convert -2783580 (base 9) to base 6.
-52453413
What is -2241101142 (base 5) in base 8?
-23112452
-16290 (base 13) to base 10
-42198
10102113020 (base 4) to base 3
2010002112122
Convert -995ac (base 14) to base 16.
-5ab74
What is -158437 (base 11) in base 9?
-413587
Convert -64695c (base 15) to base 10.
-4781112
What is -803161 (base 9) in base 6?
-14101431
What is 156087 (base 13) in base 16?
80c1f
What is 248727 (base 12) in base 6?
20432451
What is -1d190e (base 16) in base 5?
-442010313
What is 661f27 (base 16) in base 7?
110613043
-857a77 (base 12) to base 9
-3862521
What is -354632 (base 7) in base 10?
-64115
Convert -1020271 (base 8) to base 3.
-111202002022
What is 232001120 (base 4) in base 15?
3acbe
1141a6 (base 11) to base 6
3515045
Convert 30032203301 (base 4) to base 8.
14164361
What is -110020220302 (base 4) in base 6?
-305044214
What is 152034540 (base 6) in base 9?
5872716
1221002410 (base 5) to base 6
142144301
Convert 4222131 (base 5) to base 14.
1b88b
-133364 (base 9) to base 11
-56027
Convert 7411155 (base 8) to base 13.
54006a
Convert -14d417 (base 14) to base 6.
-23334113
1633054 (base 7) to base 2
110111010111001010
Convert 2c6ccb (base 14) to base 6.
53202003
110011110000010111 (base 2) to base 15
42c2b
Convert 1d662a (base 14) to base 3.
1222121001202
Convert 6551341 (base 7) to base 2.
11000011111010010101
-33167 (base 13) to base 14
-25a12
-179c9 (base 16) to base 12
-47b75
Convert -1161190 (base 11) to base 8.
-7555171
What is 2212112012 (base 3) in base 9?
85465
What is -92916 (base 14) in base 12?
-150360
Convert -2310121322 (base 4) to base 11.
-4651a2
Convert 104646 (base 7) to base 5.
1043012
What is -351121 (base 7) in base 12?
-30441
203110001 (base 4) to base 2
100011010100000001
What is 36c68 (base 16) in base 14?
5ba9a
What is 20221120200 (base 3) in base 13?
4a31c
Convert -114344 (base 5) to base 6.
-32045
403703 (base 8) to base 9
222463
-3250008 (base 11) to base 14
-a88c90
What is 38460 (base 15) in base 4?
223322121
32100334 (base 5) to base 15
549ce
202223054 (base 7) to base 16
b41ee0
Convert 437121 (base 9) to base 6.
5332414
18224a6 (base 11) to base 5
1242430023
Convert -54bb66 (base 15) to base 5.
-2013222241
Convert -2972966 (base 10) to base 16.
-2d5d26
What is -10410320 (base 8) in base 10?
-2232528
-8116 (base 11) to base 16
-2a22
98bb0 (base 12) to base 8
612664
Convert 2410622 (base 8) to base 6.
22050522
-330551541 (base 6) to base 5
-3004040222
Convert -1142264 (base 11) to base 13.
-54a892
Convert b84a5 (base 12) to base 13.
86582
-10b7c84 (base 14) to base 4
-132122232130
-134101313 (base 6) to base 16
-296a2d
Convert -120212030 (base 4) to base 2.
-11000100110001100
What is -1234243 (base 9) in base 16?
-a4253
Convert 13ad44 (base 15) to base 13.
272653
-1381568 (base 9) to base 8
-2720640
What is 1217949 (base 10) in base 4?
10221112131
What is 321626 (base 8) in base 5?
11414124
44931b (base 13) to base 2
110001011011100001000
102122001222 (base 3) to base 16
37e5f
Convert 8a174 (base 11) to base 12.
63728
Convert -1221424231 (base 5) to base 9.
-5441233
1a72a63 (base 11) to base 6
202434243
120102010001 (base 3) to base 9
512101
Convert 11004b (base 14) to base 5.
121420212
2032782 (base 9) to base 5
234202124
What is 1cb3115 (base 14) in base 2?
110110111111001001101111
111011010101011000010 (base 2) to base 12
799196
What is 2bc536 (base 13) in base 2?
100001000101001101011
What is ab890 (base 15) in base 16?
8521e
What is ee8cc (base 15) in base 6?
24125120
What is -32bcb (base 13) in base 6?
-1550223
Convert 330597 (base 13) to base 11.
74aa82
66175a (base 11) to base 4
10001322023
-13120201103 (base 4) to base 13
-529c43
-185a6 (base 15) to base 3
-11000020110
What is -133548 (base 10) in base 4?
-200212230
-200200100212001 (